i - 10 = -2*b - 0*i. Let f be 4 + -5 + (-9)/(-3). Let w(q) = 4*q - b*q**f - q - 12*q + 7*q - q**3 + 2. Give w(-4).
-6
Let d(h) = 4*h + 14. Let n be d(-4). Let g(v) = 7*v**2 + 2*v - 2. What is g(n)?
22
Let a(n) be the third derivative of 1/24*n**4 + 0*n - 2/15*n**5 + n**2 + 0 + 0*n**3. Let o be (-14)/(-10) + (-6)/15. Calculate a(o).
-7
Let x(r) = -8*r**3 - 6*r**2 - r. Let a(s) = s**3 + 3*s**2 + 1. Let f(j) = -a(j) - x(j). Calculate f(-1).
-6
Let w(l) = -4*l - 7. Let r(i) = -2*i**3 - 59*i**2 - 30*i - 38. Let u be r(-29). What is w(u)?
29
Let b(p) be the third derivative of -1/120*p**6 + 6*p**2 + 0*p**4 - 1/3*p**3 + 0 + 0*p**5 + 0*p. Calculate b(0).
-2
Let u(b) = b**3 + 0*b - 2*b + 6*b**2 + 3 + 0*b**2 - 7. Let g = -10 + 4. Give u(g).
8
Let c(t) = 6*t**2 + 2*t + 1. Suppose -9*g - 4 = -5*g. Give c(g).
5
Let u(k) = -k**2 + 4*k + 1. Let x = 15 - 28. Let d = x - -18. What is u(d)?
-4
Let u = -298 + 302. Let b(o) = -o**2 + o + 8. Calculate b(u).
-4
Let k(p) be the third derivative of -p**7/5040 - p**6/240 + 3*p**5/20 + 14*p**2. Let v(x) be the third derivative of k(x). What is v(5)?
-8
Let j(k) be the third derivative of 0*k + 1/6*k**3 - 22*k**2 - 1/8*k**4 + 0. Suppose 2*r = -0*r - 6. Calculate j(r).
10
Let f(l) = 4*l + 6. Let c be 1/((16/4)/(-16)). Give f(c).
-10
Let m(g) = -g**3 - 3*g**2 + 2*g + 2. Let l(q) = q - 11. Let t be l(11). Suppose s - 5*s + 8 = t. Suppose -4 = 4*f - s*p, 4*p = 3*f - 0*p - 7. What is m(f)?
-4
Let n(w) be the first derivative of -w**3/3 + 2*w**2 + 8*w + 1. Let a(k) = -5*k + 2. Let u(l) = 1. Let j(t) = -a(t) + 3*u(t). Let s be j(1). Give n(s).
-4
Let i(n) = -6*n**2 - 7*n + 36. Let h(p) = 7*p**2 + 6*p - 29. Let c(g) = -5*h(g) - 4*i(g). What is c(1)?
-12
Suppose 9*h = -11 - 16. Let n(d) be the first derivative of -d**3/3 - 3*d**2 - 4*d - 1. Give n(h).
5
Let t(l) = -5*l + 18*l - 5*l - 11*l - 5. What is t(-4)?
7
Let t(y) = -y - 2. Suppose -29*d + 26*d + 15 = 0. Suppose 0*i = -3*i - 2*k + 18, -5*i + d*k = -5. Suppose -i*g + 30 = 3*h - g, -3*g = h - 18. What is t(h)?
-8
Let z = -240 + 247. Let k(p) = -p**3 - p - 3*p - 1 + 7*p**2 + 5*p. Determine k(z).
6
Let c(k) = -k - 3. Let f = 137 - 134. Calculate c(f).
-6
Let p(r) be the second derivative of -r**3/6 - r**2/2 + 6*r + 64. Let x = 5 + -3. Calculate p(x).
-3
Suppose -7*d = -3*a - 3*d + 50, 0 = -5*a + 2*d + 88. Let j be (-14)/35 - 127/(-5). Let k = j - a. Let n(m) = -m + 6. Calculate n(k).
-1
Let w be 9/(-1 - 8/(-4)). Suppose -4*o + w*o = -4*j - 26, 0 = -3*o - 6. Let r(l) = l**2 + 5*l + 2. Calculate r(j).
-2
Let g(t) be the third derivative of t**6/120 + 7*t**5/30 - 2*t**4/3 - 13*t**3/6 + 18*t**2. Let v be g(-15). Let w(l) = -l + 1 + 0*l + 0*l. Give w(v).
-1
Let d be 4*2/3*(9 + -3). Let f(j) = -j**3 + 17*j**2 - 17*j + 22. Let k be f(d). Let i(o) = 0*o - o + 0 + 4. Give i(k).
-2
Let k(f) be the third derivative of f**4/8 - 2*f**3 + 61*f**2 + 2. Calculate k(-5).
-27
Let z(u) be the second derivative of 0 + 1/6*u**3 + u + 1/12*u**4 - u**2. Suppose -20*p = -10*p. Determine z(p).
-2
Let w(l) = -l - 1. Let q be -7 + (-1 - (3 - 2)). Let z = 7 + q. Let y(j) = -3*j + 2. Let b(o) = z*w(o) + y(o). What is b(0)?
4
Let t be ((-5)/(-2))/((-35)/70). Let w(v) = v**2 + 7*v + 1 + 5 - 2*v. What is w(t)?
6
Suppose -9*b = 386 - 359. Let h(i) = i**3 + i**2 - 4*i - 2. Determine h(b).
-8
Let q(a) = -a**3 + 4*a**2 + 6*a - 1. Let r be q(5). Suppose -f = -r*f - 15. Let t(k) = -25*k + 9*k + 18*k + 11 - 4. Determine t(f).
-3
Let k(n) = 4*n**2 + 17*n + 9. Let h(g) = -3*g - 1. Let c(v) = 6*h(v) + k(v). What is c(3)?
36
Let w(g) = 3*g**3 - 2*g**2 - 2*g - 10. Let q(c) = -7*c**3 + 6*c**2 + 3*c + 21. Let z(o) = 4*q(o) + 9*w(o). What is z(5)?
-11
Let h(s) = -s + 10. Suppose -93 = -19*c + 97. Calculate h(c).
0
Let o be (-2*(-6)/(-4) - -2)*19. Let f(s) = s**3 + 19*s**2 - s - 21. Calculate f(o).
-2
Let b(n) be the third derivative of -n**7/840 + n**6/72 - n**5/24 + 13*n**3/6 - 18*n**2. Let g(q) be the first derivative of b(q). Give g(4).
-4
Let z(v) be the first derivative of 6*v**2 + 628. Let k = 37 + -17. Suppose -2*u - u = 3*p - 6, 5*u = 5*p - k. Calculate z(u).
-12
Let n(c) = c**3 - c**2 + c. Let w(k) = 3*k**2 + 19 + 5*k**2 - 7*k + k**3 + 0*k**2. Let x be w(-9). Determine n(x).
1
Let h(o) be the second derivative of -o**3/6 - o**2 - 2*o. Suppose 46*q = 23*q + 115. Determine h(q).
-7
Let z(i) = 4*i + 5. Let v(u) = u - 2. Let s(f) = 5*v(f) - z(f). Give s(10).
-5
Let t be (-5)/2*180/(-150). Let x(u) = 4 - t*u - 4 + 6*u. Let y(n) = n**3 - 6*n**2 - n + 8. Let g be y(6). Give x(g).
6
Let s(f) = -4*f**2 - 2*f**2 - 6*f**2 + 15*f**2 - 6*f - 14 - 2*f**2. Calculate s(7).
-7
Let g be 2/(-3 - (-26)/10). Let v(w) = 7*w**3 + 12*w**2 + 9*w - 22. Let m(o) = -3*o**3 - 6*o**2 - 4*o + 10. Let k(u) = -5*m(u) - 2*v(u). Give k(g).
9
Let h(g) be the first derivative of 1/3*g**3 + 4*g - 2*g**2 + 51. Suppose -4 = -5*k + 16. Calculate h(k).
4
Suppose 3*z - 32 = -z. Suppose -z*m = -2*m - 48. Let t(f) = -f + 9. Give t(m).
1
Let d(c) = c**3 - 43*c**2 + 81*c + 38. Let b be d(41). Let a(w) = 7*w - 2. Calculate a(b).
-23
Let q(d) = -96*d - 99. Let f(p) = 6*p + 6. Let v(i) = 33*f(i) + 2*q(i). Give v(-1).
-6
Suppose 5*i + 37 = 5*h - 8, 5 = -5*i - 3*h. Let a(t) be the third derivative of t**5/60 + 5*t**4/24 - t**3/3 - 4*t**2. Determine a(i).
-6
Suppose 5*s + 3*a - 36 = -0*a, -2*s + 20 = 4*a. Let q(g) = -g**3 + 7*g**2 - 5*g - 10. Calculate q(s).
-4
Let u(h) = h**2 - 14*h - 1. Let z(i) = -2*i**2 + 23*i + 1. Let v(r) = -5*u(r) - 3*z(r). What is v(0)?
2
Let x(t) = -t**3 + 8*t**2 + 8*t + 1. Suppose i - 15*i - 154 = 0. Let m = i + 20. What is x(m)?
-8
Let o = -48 + 50. Suppose 0 = -3*b + 12 + 3, o*v = 3*b - 15. Let q(l) = l**2 - 2. What is q(v)?
-2
Let y = -30 - -36. Suppose y*h = h + 2*r + 46, 0 = -3*h + r + 28. Let z(c) = -10 + h + c + 2. What is z(-4)?
-2
Let p(z) be the second derivative of 5*z**3/6 - z**2/2 - 125*z. What is p(-1)?
-6
Let h(c) = -229*c - 226*c + 688*c + 1 - 231*c. Let f(l) = l - 6. Let s be f(8). Suppose s*i = -3*i - 5. Determine h(i).
-1
Let h(t) = -5 - 4 - 6*t + 29 + 2*t + 17*t - t**2. Determine h(13).
20
Let s(i) = i**3 + 4*i**2 - 2*i - 9. Let w(d) = -d**3 - 3*d**2 + d + 7. Let t(b) = -3*s(b) - 4*w(b). Give t(-2).
-13
Let n(b) be the second derivative of -b**4/12 - b**3/6 - 7*b**2/2 + 2*b. Determine n(0).
-7
Let c(t) = -t**2 - t + 4. Suppose 25 + 13 = 19*y. Give c(y).
-2
Let o = -3 - 15. Let g = o - -11. Let s(d) = 66*d + 0 + 3 - 1 - 67*d. What is s(g)?
9
Let h be (-2)/(1 + (-8)/4). Let j(u) = -u**3 + 10*u**2 - 9*u + 1. Let l be j(9). Let d be (3*(h - l))/(-1). Let z(g) = 2*g + 1. Calculate z(d).
-5
Let b(x) be the second derivative of -x**5/10 + x**4/6 + 5*x**3/6 + x**2 - 105*x. Determine b(3).
-19
Let z = 512 + -511. Let j(d) = -22*d**3 - d. Determine j(z).
-23
Let l(b) = b - 1 - b**3 - 3*b**2 + 2 - 2. Let x(g) = -4*g**2 + g - 1. Let h be x(1). Give l(h).
11
Suppose -263 + 87 = -16*u. Let g(b) = -b + 11. What is g(u)?
0
Let j(w) = -w**3 + 15*w**2 + 17*w - 15. Suppose -b + 21 = 5*f, 0 = 5*b - f - 4*f - 75. Let d be j(b). Let m(o) = 14*o. What is m(d)?
14
Let u(t) = t - 5. Suppose 0*o + 2*o + y - 18 = 0, 32 = 4*o + y. Determine u(o).
2
Let c(l) = -2*l**2 - 7*l + 31. Let z(p) = -p**2 - 5*p + 31. Let x(b) = 2*c(b) - 3*z(b). Suppose -4*s = -3*s. Give x(s).
-31
Let k(u) = -u**2 - 3*u + 2. Suppose -4*x = -3*a - 88, -2*x + 5*a + 5 = -x. Suppose -x + 9 = -8*n. Determine k(n).
-8
Let l = -357 + 358. Let v(x) = 35*x**3 + x - 1. Give v(l).
35
Let l(q) = 2*q - 7. Let y be 6*(-4)/(-84)*7. Let r = y - -4. What is l(r)?
5
Let s be (-14)/175 - 508/(-100). Let p(g) = -g + 6. Determine p(s).
1
Let j(f) = f. Suppose 0 = -p + 5*k + 23, 0 = 125*p - 130*p - 2*k + 7. Determine j(p).
3
Let a(f) be the first derivative of -f**4/4 + 2*f**3/3 - 3*f**2/2 + 2*f + 220. What is a(3)?
-16
Let l(r) = -r**2 + 21*r - 18. Let b be l(20). Let k(s) = 26*s + s**2 - s**3 - 4 + s**b - 9*s - 11*s. Give k(4).
-12
Let l(r) = -r + 1. Let g(k) = -6*k + 2. Let w = -102 - -97. Let c(f) = w*l(f) + g(f). Calculate c(6).
-9
Let z(d) = 37*d**3 - 15*d**2 - 43*d - 4. Let f(c) = 13*c**3 - 5*c**2 - 15*c - 1. Let s(i) = -17*f(i) + 6*z(i). Calculate s(5).
-22
Let l(v) = -v**3 - 6*v**2 - 3*v + 2. Let z(n) = -3*n - 9. Let s be z(-4). Suppose 0*j - 75 = 3*j - 3*p, 2*j = s*p - 45. Let c = 2